 by 13.
10
Let z(a) = 3*a - a - 4*a - 3 + 4. Calculate the remainder when 32 is divided by z(-5).
10
Let t = -15 - -15. Suppose t = 2*o + o - 234. Calculate the remainder when o is divided by 20.
18
Suppose -3*p = 2*p - 65. Let t(s) = -25*s + 35. Let r(o) = -o + 1. Let x(v) = 20*r(v) - t(v). What is the remainder when x(8) is divided by p?
12
Suppose -4*f = -4*b - 4, -2*b - 5 - 5 = -4*f. What is the remainder when 75/(-10)*12/(-9) is divided by f?
2
Let k be (2/4)/(24/288). Let j(y) be the third derivative of -y**5/60 + y**4/4 + 4*y**3/3 - y**2. What is the remainder when 15 is divided by j(k)?
7
Suppose 4*k - 3*k - 9 = c, -48 = -4*k - 2*c. Calculate the remainder when k is divided by 5 - (-1 + -1 + 0).
4
Suppose 0*z + 75 = 3*z. What is the remainder when 73 is divided by z?
23
Suppose s + 7 = 22. Let f = 32 - s. What is the remainder when 50 is divided by f?
16
Calculate the remainder when 51 is divided by ((-2)/(-6))/((-7)/(-273)).
12
Let q(s) = -5*s - 2. Let r be q(-4). Let v = -10 + r. Calculate the remainder when v is divided by 5.
3
Calculate the remainder when 2460/(-36)*(-12)/10 is divided by 12.
10
Let m(x) = x**2 - 6 + x + 0*x**2 - 6 + 7*x. Let l be m(-10). Suppose j - l = 18. Calculate the remainder when j is divided by 9.
8
Let p = 68 + -17. Suppose -2*o - 46 = -g - 6*o, -g + p = 5*o. What is the remainder when g is divided by 7?
5
Let w(k) = k**3 + 10*k**2 + 5*k - 3. Let o be (6/(-4))/(3/18). What is the remainder when w(o) is divided by 18?
15
Let o(h) = 3*h**2 + 4*h - 13. Calculate the remainder when 93 is divided by o(3).
15
Let m(g) = -g**2 - 3*g - 3. Let d be m(-2). Let b(k) be the third derivative of -k**6/120 + k**3/6 + 37*k**2. What is the remainder when 4 is divided by b(d)?
0
Let o(d) = 2*d**2 - d - 3. Let p = 9 - 12. What is the remainder when o(p) is divided by 5?
3
Let u = 513 + -731. Let f be 1/(-3) + u/(-6). Let w = -20 + f. What is the remainder when w is divided by 9?
7
Let o = -16 + 55. Calculate the remainder when o is divided by 104/10 - (-2)/(-5).
9
Suppose 14 = 4*i - 42. Let n(c) be the second derivative of -c**3/2 + 3*c**2 - c. Calculate the remainder when n(-7) is divided by i.
13
Suppose -37 = -5*t + 28. Calculate the remainder when 38 is divided by t.
12
Suppose 0 = 5*h - 5*c, 4*h + c - 2 = 4*c. Suppose -k - h = -7. Calculate the remainder when 8 is divided by k.
3
Suppose 0 = -2*p - 2*m - 4, -3*m = p - 5*p + 13. Let l(a) = 4*a**3 - 2*a + 1. Let i be l(1). Suppose -i + 1 = -f. What is the remainder when f is divided by p?
0
Let x = 31 + -9. Suppose -12 = -2*v + 3*d, 2*v - 2*d - 2*d = 12. Calculate the remainder when x is divided by v.
4
Let j be (18/(-5))/((-2)/(-10)). Let o = -7 - j. Suppose -2*b = 2*w - 56, -b - 2*w = -15 - 9. What is the remainder when b is divided by o?
10
Let i(g) = 2*g**2 + 3*g - 4. Let h = 1 + 2. Calculate the remainder when i(h) is divided by 8.
7
Suppose -5*l + 6 = -9. Suppose 0 = -4*n + 2*n + 4. What is the remainder when l/1 - (-2 - -1) is divided by n?
0
Calculate the remainder when 68 is divided by 186/8 - (-4)/(-16).
22
Let y(u) = 3*u**2 + 17*u + 13. Calculate the remainder when y(-6) is divided by 10.
9
Suppose -3*w = -w. Suppose 0 = g - w*g - 10. Suppose 24 = z + p, 3*z - 5*p - 104 = -0*p. What is the remainder when z is divided by g?
8
Suppose -l - k + 0*k + 23 = 0, -5*l - k + 127 = 0. Calculate the remainder when l is divided by 18.
8
Let m(a) = -a**3 - 12*a**2 - 22*a - 5. Calculate the remainder when m(-10) is divided by 8.
7
Let n = 179 + -125. Calculate the remainder when n is divided by 19.
16
Suppose z - 160 = -3*x - 3*z, x - 3*z = 36. Calculate the remainder when 25 is divided by (-3)/(-2)*224/x.
4
Suppose 35 = 3*p + u - 0*u, u - 55 = -5*p. Suppose 5 + 3 = 4*s. Suppose 0 = -s*v + 5*x - 8 + 51, -5*v + 94 = x. Calculate the remainder when v is divided by p.
9
Suppose 2*t = 4*t + 224. What is the remainder when (-3 + 2)/(2/t) is divided by 19?
18
Let f(n) = n**3 - 9*n**2 + n. Let x be f(9). Let s(u) = u**3 - 8*u**2 - 7*u - 4. Calculate the remainder when 55 is divided by s(x).
13
Let t(p) = p + 45. Calculate the remainder when t(-12) is divided by 7.
5
Suppose 3*g + 3*k = 270, 0*g - 490 = -5*g + 5*k. What is the remainder when g is divided by 24?
22
Suppose -45 = 11*r - 6*r. Let d = 8 - 5. Calculate the remainder when (29/d)/((-3)/r) is divided by 10.
9
Let d(x) = 10*x**2 - 3*x - 2. Let l be d(-1). Suppose -5*s = l - 126. What is the remainder when s is divided by (-6)/(-2)*(-8)/(-3)?
7
Let k(h) = -h**3 - 6*h**2 - 5*h - 2. Let p be k(-4). What is the remainder when 1/(((-8)/82)/(-4)) is divided by -1*(p + 2 + -2)?
13
Let z(h) = 2*h**2 + 3*h - 4. What is the remainder when z(5) is divided by 9?
7
Let n(m) = -m**2 + 7*m - 3. Let p be n(6). Suppose p*w = w + 62. Let z = -11 + 22. Calculate the remainder when w is divided by z.
9
Suppose 4*l - 184 = -0*l. Let f = -16 - -4. Let a = f + l. What is the remainder when a is divided by 12?
10
Let p(q) = q**2 - 2. What is the remainder when 20 is divided by p(3)?
6
What is the remainder when 9 is divided by 52/20 - 12/20?
1
Let s be (46/(-4))/(6/(-12)). Suppose 1 = 3*t - s. Suppose 3*p + 3 = 12. Calculate the remainder when t is divided by p.
2
Suppose -3*k + 5 = -8*k. What is the remainder when 20 is divided by 14 + k + (-4)/2?
9
What is the remainder when 54 is divided by (19/(-4))/(7/(-28))?
16
Let h = 97 - 81. What is the remainder when 141 is divided by h?
13
Suppose 0*d - 3 = 3*d - k, d + 5*k = -1. What is the remainder when 43 is divided by 128/12 - d/3?
10
Let o be 166/4*10/(-5). Let f = o - -117. What is the remainder when f is divided by 18?
16
Let x be 0/(1 - (5 + -2)). Suppose -3*y - 6 + 99 = x. Let o(u) = 12*u**2 - 1. Calculate the remainder when y is divided by o(-1).
9
Suppose g - 5*g + 52 = 0. Calculate the remainder when 62 is divided by g.
10
Let w = 3 + -3. Suppose 2*v = w, 0 = -2*a - 3*a - 4*v + 50. Suppose j - 27 + 9 = 0. Calculate the remainder when j is divided by a.
8
Suppose 12 = -2*o + 74. Let a = 52 + -41. Calculate the remainder when o is divided by a.
9
Let q = -45 + 209. Calculate the remainder when q is divided by 15.
14
Let o(m) = -15*m + 1. Let g be o(-3). Let h = 66 - g. Suppose 3*z + n = -n - 2, h = 2*z - 4*n. Calculate the remainder when z is divided by 1.
0
Suppose -4*h + 27 = x, h + x = -2*x - 7. Suppose -6 = 2*l + 3*f, 5*l + f + 2*f = 3. Calculate the remainder when ((-46)/l)/((-4)/6) is divided by h.
7
Suppose -5*t + 10 = 5*v, 5*t = -v + 2*v + 4. Suppose -5*i = 16 - t. Let u = 55 + i. Calculate the remainder when u is divided by 27.
25
Suppose 0 = 4*o - 15 + 3. Suppose 2*c - 2 = -o*t - 1, c = 5*t - 19. Calculate the remainder when 4 is divided by t.
1
Calculate the remainder when (2/(-3))/((-2)/93) is divided by 8.
7
Let i(k) = -6*k - 43. Calculate the remainder when 24 is divided by i(-10).
7
Let g = 6 - 4. Suppose -52 = -g*h - 3*i - i, 5*i = -4*h + 101. What is the remainder when h is divided by 9?
6
Suppose -4*t + 3*t + 4 = 0. Let b = t - 2. What is the remainder when 2 is divided by b?
0
Let b = -167 - -256. Let p = 139 - b. Calculate the remainder when p is divided by 18.
14
Let z(v) = -v + 3. Let o be z(4). Calculate the remainder when 45/2 - 5/10 is divided by o + 11 + 2 + 0.
10
Let u be (10/(-8))/(1/(-12)). Suppose -4*k - 16 = 0, 4*l - l + 3*k = 9. Suppose -l = -o + u. Calculate the remainder when o is divided by 12.
10
Suppose 5*x + 193 + 247 = 0. Let c = 151 + x. What is the remainder when c is divided by 13?
11
Let k = -3 + 9. Suppose 3*n - 9 = 0, 2*z + 23 = k*z + 5*n. Calculate the remainder when 9 is divided by z.
1
Let b be 4/1*(-213)/(-6). Suppose -4*s - 2*z + b = 0, z - 49 = -s - 4*z. Calculate the remainder when s is divided by 12.
10
Let i(s) = s - 7. Suppose 0 = k - 0*k - 5. Let l be i(k). What is the remainder when 17 is divided by l + -11*(-4 + 3)?
8
Let o(x) = x**2 - 8*x - 5. Let v be o(10). Let b = 19 - v. Calculate the remainder when 14 is divided by b.
2
Suppose -48 = -4*r + 2*r. What is the remainder when r is divided by 13?
11
Let r = 5 + -4. Calculate the remainder when 16 is divided by r/(4/(3 + 21)).
4
Let w(c) = 7*c**2 - c - 1. Calculate the remainder when w(3) is divided by 21.
17
Let y = 20 - 11. Let v(l) = l**3 + 8*l**2 + 8*l. Let d be v(-6). Let r = 